{"id":76,"date":"2019-01-21T12:53:06","date_gmt":"2019-01-21T12:53:06","guid":{"rendered":"https:\/\/fbmusic.nl\/?page_id=76"},"modified":"2020-04-20T15:03:38","modified_gmt":"2020-04-20T15:03:38","slug":"biografie","status":"publish","type":"page","link":"https:\/\/fbmusic.nl\/de\/biografie\/","title":{"rendered":"Biografie"},"content":{"rendered":"<p>[et_pb_section fb_built=&#8221;1&#8243; _builder_version=&#8221;3.12.2&#8243; background_color=&#8221;#000000&#8243; custom_padding=&#8221;50px|0px|0px|0px|false|false&#8221;][et_pb_row make_fullwidth=&#8221;on&#8221; custom_padding=&#8221;45px|0px|0px|0px|false|false&#8221; _builder_version=&#8221;3.12.2&#8243;][et_pb_column type=&#8221;2_3&#8243; _builder_version=&#8221;3.12.2&#8243; parallax=&#8221;off&#8221; parallax_method=&#8221;on&#8221;][et_pb_text _builder_version=&#8221;3.12.2&#8243; text_font=&#8221;||||||||&#8221; text_text_color=&#8221;#ffffff&#8221; text_orientation=&#8221;justified&#8221;]<\/p>\n<p>Frank Bemelmans, geboren am 12. Oktober 1968 in Maastricht.<\/p>\n<p>begann im Alter von 10 Jahren auf der Heimorgel zu spielen; sp\u00e4ter auf Keyboards.\nFrank bemerkte schon fr\u00fch, dass Musik zu einem sehr pr\u00e4genden Bestandteils seines Lebens werden sollte.<br \/> Dann brach eine Phase an, in der Frank sich f\u00fcr elektronische Musik und Filmmusik interessierte und seine musikalische Inspiration mit verschiedenen Synthesizern erkundete.<\/p>\n<p>Seit dieser Zeit begann Frank Musikst\u00fccke zu komponieren und seine Gef\u00fchle und Ideen in neue Kompositionen umzusetzen.<\/p>\n<p>\u00dcber die Jahre entwickelte er sehr breite Musikinteressen von Schlager, Filmmusik (Vangelis, Jean Michel Jarre) bis hin zur Popmusik.\nAuch die klassische Musik hat seine musikalische Inspiration gepr\u00e4gt.<\/p>\n<p>Sinds 2014 schrijft hij Limburgse, Nederlandstalige -en Duitstalige liedjes.<br \/> In dieser Zeit bekam Frank auch eine Beziehung mit der S\u00e4ngerin Angelina Meijer, bekannt f\u00fcr u.A. Ihren Megahit \"Daan Goon De L\u00e8mpkes Aon\" (Dann geh\u2019n die Lichter an).\nDiese Beziehung und Zusammenarbeit hat die Inspiration bei Frank stark gef\u00f6rdert. Eine so talentierte und vielseitige S\u00e4ngerin \u00f6ffnet auch viele T\u00fcren zum erkunden verschiedener musikalischen Disziplinen.\nFrank wusste seine Partnerin Angelina und Ihre zahlreichen Fans schnell davon zu \u00fcberzeugen, dass Angelina viel mehr Genren als nur Karnevalsrepertoire beherrscht.<\/p>\n<p>In den ersten drei Jahren komponierte er haupts\u00e4chlich f\u00fcr sie, heute schreibt er f\u00fcr mehrere K\u00fcnstler.<\/p>\n<p>\"Ich mag es, verschiedene musikalische Genren zu erkunden, damit ich jeder Komposition etwas Besonderes geben kann, als Hinzuf\u00fcgung zum vertrauten Repertoire eines K\u00fcnstlers\", sagt Frank.<\/p>\n<p>Seine erste deutschsprachige Komposition `100.000 Sterne`, von Angelina gesungen, f\u00fchrte zu einem professionellen Videoclip in Zusammenarbeit mit der Tanzgruppe von Jennifer Romen. All dieses bestimmt die Richtung, in die Frank mit Angelina gehen m\u00f6chte.<br \/> Im Jahr 2018 wurde Frank gebeten, beim SMV (Maastrichter Karneval Song Contest) in der Jury zu sitzen. Seit 2018 produziert er Kompositionen f\u00fcr den Limburger Vastelaovesleedjes Konkoer (LVK).<br \/> Letztes Jahr gelang es Frank auch Kompositionen zu machen f\u00fcr K\u00fcnstler aus Belgien.<\/p>\n<p>Frank arbeitet gerade an seiner gr\u00f6\u00dften musikalischen Herausforderung. \nZur Zeit komponiert er Lieder f\u00fcr K\u00fcnstler aus \u00d6sterreich und Deutschland. Am 13. M\u00e4rz 2020 erschien das von SUSAL gesungene Lied \u201eSch\u00f6n Sch\u00f6n Sch\u00f6n\u201c, komponiert von Frank Bemelmans.\nDies war ein weiteres Highlight f\u00fcr Frank, um eine Komposition f\u00fcr einen ausl\u00e4ndischen K\u00fcnstler bereitzustellen\u00a0<span>13 Maart 2020 kwam dan ook het liedje \u201cSch\u00f6n Sch\u00f6n Sch\u00f6n\u201d gezongen door SUSAL uit, dat gecomponeerd door Frank Bemelmans.<\/span><\/p>\n<p><span>Dit was voor Frank dan ook weer een hoogtepunt om voor een buitenlandse artiest een compositie te verzorgen.<\/span><\/p>\n<p>Musik wird f\u00fcr Frank die treibende Kraft in seinem Leben bleiben.<\/p>\n<p>\u201cMusic was my First love and it will be my last\u201c<\/p>\n<p>&nbsp;<\/p>\n<p>&nbsp;<\/p>\n<p>&nbsp;<\/p>\n<p>&nbsp;<\/p>\n<p>&nbsp;<\/p>\n<p>[\/et_pb_text][\/et_pb_column][et_pb_column type=&#8221;1_3&#8243; _builder_version=&#8221;3.12.2&#8243; parallax=&#8221;off&#8221; parallax_method=&#8221;on&#8221;][et_pb_image src=&#8221;https:\/\/fbmusic.nl\/wp-content\/uploads\/2020\/03\/Music-22-of-30.jpg&#8221; _builder_version=&#8221;3.12.2&#8243; box_shadow_style=&#8221;preset1&#8243; animation_style=&#8221;fade&#8221;][\/et_pb_image][\/et_pb_column][\/et_pb_row][\/et_pb_section]<\/p>","protected":false},"excerpt":{"rendered":"<p>[et_pb_section fb_built=&#8221;1&#8243; _builder_version=&#8221;3.12.2&#8243; background_color=&#8221;#000000&#8243; custom_padding=&#8221;50px|0px|0px|0px|false|false&#8221;][et_pb_row make_fullwidth=&#8221;on&#8221; custom_padding=&#8221;45px|0px|0px|0px|false|false&#8221; _builder_version=&#8221;3.12.2&#8243;][et_pb_column type=&#8221;2_3&#8243; _builder_version=&#8221;3.12.2&#8243; parallax=&#8221;off&#8221; parallax_method=&#8221;on&#8221;][et_pb_text _builder_version=&#8221;3.12.2&#8243; text_font=&#8221;||||||||&#8221; text_text_color=&#8221;#ffffff&#8221; text_orientation=&#8221;justified&#8221;] Frank Bemelmans, geboren 12 oktober 1968 in Maastricht. Begon op 10 jarige leeftijd met het bespelen van huiskamerorgel, vervolgens later op keyboards. Frank merkte toen al dat muziek zijn lust en zijn leven zou worden. Toen brak er een [&hellip;]<\/p>","protected":false},"author":1,"featured_media":0,"parent":0,"menu_order":0,"comment_status":"closed","ping_status":"closed","template":"","meta":{"_et_pb_use_builder":"on","_et_pb_old_content":"","_et_gb_content_width":""},"_links":{"self":[{"href":"https:\/\/fbmusic.nl\/de\/wp-json\/wp\/v2\/pages\/76"}],"collection":[{"href":"https:\/\/fbmusic.nl\/de\/wp-json\/wp\/v2\/pages"}],"about":[{"href":"https:\/\/fbmusic.nl\/de\/wp-json\/wp\/v2\/types\/page"}],"author":[{"embeddable":true,"href":"https:\/\/fbmusic.nl\/de\/wp-json\/wp\/v2\/users\/1"}],"replies":[{"embeddable":true,"href":"https:\/\/fbmusic.nl\/de\/wp-json\/wp\/v2\/comments?post=76"}],"version-history":[{"count":14,"href":"https:\/\/fbmusic.nl\/de\/wp-json\/wp\/v2\/pages\/76\/revisions"}],"predecessor-version":[{"id":709,"href":"https:\/\/fbmusic.nl\/de\/wp-json\/wp\/v2\/pages\/76\/revisions\/709"}],"wp:attachment":[{"href":"https:\/\/fbmusic.nl\/de\/wp-json\/wp\/v2\/media?parent=76"}],"curies":[{"name":"wp","href":"https:\/\/api.w.org\/{rel}","templated":true}]}}

<p>[et_pb_section fb_built=&#8221;1&#8243; _builder_version=&#8221;3.12.2&#8243; background_color=&#8221;#000000&#8243; custom_padding=&#8221;50px|0px|0px|0px|false|false&#8221;][et_pb_row make_fullwidth=&#8221;on&#8221; custom_padding=&#8221;45px|0px|0px|0px|false|false&#8221; _builder_version=&#8221;3.12.2&#8243;][et_pb_column type=&#8221;2_3&#8243; _builder_version=&#8221;3.12.2&#8243; parallax=&#8221;off&#8221; parallax_method=&#8221;on&#8221;][et_pb_text _builder_version=&#8221;3.12.2&#8243; text_font=&#8221;||||||||&#8221; text_text_color=&#8221;#ffffff&#8221; text_orientation=&#8221;justified&#8221;]</p>
<p>Frank Bemelmans, geboren am 12. Oktober 1968 in Maastricht.</p>
<p>begann im Alter von 10 Jahren auf der Heimorgel zu spielen; später auf Keyboards.
Frank bemerkte schon früh, dass Musik zu einem sehr prägenden Bestandteils seines Lebens werden sollte.<br /> Dann brach eine Phase an, in der Frank sich für elektronische Musik und Filmmusik interessierte und seine musikalische Inspiration mit verschiedenen Synthesizern erkundete.</p>
<p>Seit dieser Zeit begann Frank Musikstücke zu komponieren und seine Gefühle und Ideen in neue Kompositionen umzusetzen.</p>
<p>Über die Jahre entwickelte er sehr breite Musikinteressen von Schlager, Filmmusik (Vangelis, Jean Michel Jarre) bis hin zur Popmusik.
Auch die klassische Musik hat seine musikalische Inspiration geprägt.</p>
<p>Sinds 2014 schrijft hij Limburgse, Nederlandstalige -en Duitstalige liedjes.<br /> In dieser Zeit bekam Frank auch eine Beziehung mit der Sängerin Angelina Meijer, bekannt für u.A. Ihren Megahit "Daan Goon De Lèmpkes Aon" (Dann geh’n die Lichter an).
Diese Beziehung und Zusammenarbeit hat die Inspiration bei Frank stark gefördert. Eine so talentierte und vielseitige Sängerin öffnet auch viele Türen zum erkunden verschiedener musikalischen Disziplinen.
Frank wusste seine Partnerin Angelina und Ihre zahlreichen Fans schnell davon zu überzeugen, dass Angelina viel mehr Genren als nur Karnevalsrepertoire beherrscht.</p>
<p>In den ersten drei Jahren komponierte er hauptsächlich für sie, heute schreibt er für mehrere Künstler.</p>
<p>"Ich mag es, verschiedene musikalische Genren zu erkunden, damit ich jeder Komposition etwas Besonderes geben kann, als Hinzufügung zum vertrauten Repertoire eines Künstlers", sagt Frank.</p>
<p>Seine erste deutschsprachige Komposition `100.000 Sterne`, von Angelina gesungen, führte zu einem professionellen Videoclip in Zusammenarbeit mit der Tanzgruppe von Jennifer Romen. All dieses bestimmt die Richtung, in die Frank mit Angelina gehen möchte.<br /> Im Jahr 2018 wurde Frank gebeten, beim SMV (Maastrichter Karneval Song Contest) in der Jury zu sitzen. Seit 2018 produziert er Kompositionen für den Limburger Vastelaovesleedjes Konkoer (LVK).<br /> Letztes Jahr gelang es Frank auch Kompositionen zu machen für Künstler aus Belgien.</p>
<p>Frank arbeitet gerade an seiner größten musikalischen Herausforderung. 
Zur Zeit komponiert er Lieder für Künstler aus Österreich und Deutschland. Am 13. März 2020 erschien das von SUSAL gesungene Lied „Schön Schön Schön“, komponiert von Frank Bemelmans.
Dies war ein weiteres Highlight für Frank, um eine Komposition für einen ausländischen Künstler bereitzustellen <span>13 Maart 2020 kwam dan ook het liedje “Schön Schön Schön” gezongen door SUSAL uit, dat gecomponeerd door Frank Bemelmans.</span></p>
<p><span>Dit was voor Frank dan ook weer een hoogtepunt om voor een buitenlandse artiest een compositie te verzorgen.</span></p>
<p>Musik wird für Frank die treibende Kraft in seinem Leben bleiben.</p>
<p>“Music was my First love and it will be my last“</p>
<p>&nbsp;</p>
<p>&nbsp;</p>
<p>&nbsp;</p>
<p>&nbsp;</p>
<p>&nbsp;</p>
<p>[/et_pb_text][/et_pb_column][et_pb_column type=&#8221;1_3&#8243; _builder_version=&#8221;3.12.2&#8243; parallax=&#8221;off&#8221; parallax_method=&#8221;on&#8221;][et_pb_image src=&#8221;https://fbmusic.nl/wp-content/uploads/2020/03/Music-22-of-30.jpg&#8221; _builder_version=&#8221;3.12.2&#8243; box_shadow_style=&#8221;preset1&#8243; animation_style=&#8221;fade&#8221;][/et_pb_image][/et_pb_column][/et_pb_row][/et_pb_section]</p>
